hat is the units digit of x(4)?
2
Suppose 3*k = -0*m - 3*m - 24, 12 = -2*m - k. Let p(o) be the third derivative of -o**5/60 - 5*o**4/24 + o**3/3 - 3*o**2. What is the units digit of p(m)?
6
Suppose -12 = -n + 11. What is the tens digit of n?
2
Let d = -4 - -11. Suppose 4*q + 45 = d*q. What is the units digit of q?
5
Suppose 71 = d + 5*q, -4*q - 159 - 29 = -4*d. Suppose 4*v = -y + d, 6*y - 2*y + 56 = 4*v. What is the units digit of v?
3
Let i = 26 + -21. What is the units digit of i?
5
Let s(d) = -d + 23. What is the tens digit of s(-20)?
4
Let z(d) = -3*d - 1. Let c be z(-2). Suppose 2*u = 3*p + 48 - 18, 0 = -c*p - 20. What is the units digit of u?
9
Let a(p) = -p**3 - 5*p**2 - 2*p. Let g be (-50)/15*(-6)/4. Suppose -2*x = -x + g. What is the units digit of a(x)?
0
What is the units digit of 2*(3 + -2) - -149?
1
Suppose 2 = 5*y - 8. What is the tens digit of ((-22)/(-2))/(-1 + y)?
1
Let y be -10 + 8 - (-2)/1. Suppose -c + 6*c - 15 = y. Suppose 0 = 3*a - 4*n - c - 4, 4*n + 3 = -a. What is the units digit of a?
1
Let m = 47 - 24. Suppose -v + b + 19 = -3*b, 2*b = 5*v - m. What is the units digit of v?
3
Let o(c) = -5 + 5 + 5*c - c**2. Let u be o(6). Let m = 1 - u. What is the units digit of m?
7
Suppose 0*p - 3*p = -18. Let v be (2 - 15/p)*0. What is the units digit of (6 - v - -1) + 0?
7
Suppose 26 = a - 5*x, 159 = 5*a - 2*x + 6*x. What is the tens digit of a?
3
Let k(u) = -u**3 + 5*u**2 + 7*u - 3. Let r be k(6). Suppose 5*p - r*i - 96 = i, 5*p + 4*i - 64 = 0. What is the tens digit of p?
1
Let v(i) be the third derivative of -i**5/60 - 11*i**4/24 - 7*i**3/6 - 5*i**2. What is the tens digit of v(-7)?
2
Let y be 5/3 + (-1)/(-3). Let a = 4 - y. What is the units digit of 10/((a - -2) + -2)?
5
Let i be 10/15*(0 + 18). Let h be (-37)/(-2) - 6/i. What is the tens digit of 3 + (2 - 5) + h?
1
Let b = -22 - -37. Suppose 4*q - b = 13. What is the units digit of q?
7
What is the tens digit of 104/3 - ((-20)/(-4))/(-15)?
3
Let h = 5 + -14. Let y be 12/(-2 + (-24)/h). Let g = y + -8. What is the units digit of g?
0
Let s(m) = -2*m**2 + m**3 - 3*m - 2 + 0*m**3 + 5. What is the units digit of s(3)?
3
Suppose -4*u = 4*p, u + u = -5*p - 15. Suppose -u + 1 = c. Let y(v) = v + 8. What is the units digit of y(c)?
4
Suppose 0 = -f + 5*w + 419, -4*f - w + 1698 = w. What is the hundreds digit of f?
4
Let o be 4/24 + 1/(-6). Suppose o = 5*p - 3*n - 7, 3*p + n + 9 = 8*p. Suppose 0 = -x + p*x - 9. What is the units digit of x?
9
Let j(h) = h - 6. Let l be j(7). Suppose 0*t - t = n - 8, -2*n = -t - l. Suppose t*r + 3*a = -a + 82, 6 = 2*a. What is the units digit of r?
4
Let y = 12 - 8. Suppose -2*p = -2*x + 22, y*x - 5*p = -0*p + 40. What is the tens digit of x?
1
Suppose 8 = -3*r + 5*r. Suppose 11 = r*f - 5. Suppose -2*n = -f*n + 22. What is the tens digit of n?
1
What is the units digit of 30/(-3 + 3 - -1)?
0
Let v(g) = -5 + 4*g - 3*g + 1 + 0. What is the units digit of v(11)?
7
Suppose -m = -5*m - 5*u + 16, m - 5*u = 29. Suppose -3*d - 2*d = 3*f + m, -f = -2*d - 8. What is the units digit of f?
2
Let g(w) = w**3 + 10*w**2 - 13*w - 7. What is the units digit of g(-11)?
5
Let d = 13 - -16. What is the units digit of d?
9
Suppose 0 = 3*f - 0*f - 69. Suppose -s = -4*b - f, -3*s + 0*b + 24 = 3*b. What is the tens digit of s?
1
Let g be (13/(-3) + 1)*-45. What is the tens digit of 48/(-10)*g/(-20)?
3
Let k(x) = x**3 + 7*x**2 - 2*x - 7. What is the tens digit of k(-3)?
3
Suppose -2*x + 30 = 2*k, -4*k + 20 = x - 10. What is the units digit of x?
0
Suppose -l + 3*u = l - 580, -4*l + 1140 = 4*u. What is the tens digit of l?
8
Let u(n) = n**3 - n**2 - 5*n + 2. Let s(i) = i**2 - 4*i - 2. Let a be s(3). Let c = a - -8. What is the units digit of u(c)?
5
Let c(l) = l**3 - 4*l**2 - l - 12. What is the units digit of c(5)?
8
Let f = 25 - -9. What is the tens digit of f?
3
Let c(h) = 4*h - 1. Let v be c(1). What is the units digit of (v/9)/((-1)/(-33))?
1
Suppose -v + 64 = v. What is the units digit of v?
2
What is the hundreds digit of 1*(-6 - (-188 - -4))?
1
Suppose 0 = -3*b + 5 + 7. Suppose b*m - 14 = 22. What is the units digit of m?
9
Suppose -6*z + z = -25. Suppose 0 = -0*g + 5*g - z. Let f = 3 + g. What is the units digit of f?
4
Suppose -c + 76 = -0. What is the tens digit of c?
7
Let b be (-3)/(-9)*3*5. Suppose 0*i + b*i - 30 = 0. What is the units digit of -6*3/(-1*i)?
3
What is the units digit of (-1)/(1/(-25)) - 2?
3
Let g(m) = m**2 + 3*m - 1. Let f be g(-3). What is the units digit of 0 - (f + -1 - -1)?
1
Let b = 25 + -39. Let f = -1 - b. What is the units digit of f?
3
Suppose 3*h - 5*d - 183 = 0, 0 = -2*h - 3*d + 21 + 120. What is the tens digit of h?
6
Suppose z = -z + 144. Let x = 102 - z. What is the tens digit of x?
3
Let t(y) = 11*y**2 + y. Let n be t(1). Suppose -2*j - j + n = 0. What is the units digit of j?
4
Suppose -3*d - 40 = -m, -3*d = -0*m - 2*m + 68. Suppose -m = -y - y. What is the tens digit of y?
1
Suppose 5*i = -11 + 156. What is the tens digit of i?
2
Let v = 11 + -16. Let r(n) = n + 7. Let g(j) = 3*j + 14. Let w(b) = v*r(b) + 2*g(b). What is the units digit of w(11)?
4
Let o(q) = q - 5. Let r(p) = p**3 - p**2 - p + 4. Let h be r(0). Let l be o(h). What is the tens digit of l/(3/(-33)) - -1?
1
Suppose 2 = -3*t - 16. Let c = 56 + -64. Let g = t - c. What is the units digit of g?
2
Let p(z) = 12*z + 14. What is the tens digit of p(4)?
6
Let c(w) be the first derivative of w**5/20 - 7*w**4/12 - w**3 - 3*w**2 + 3*w + 3. Let j(h) be the first derivative of c(h). What is the tens digit of j(8)?
1
Suppose j + 4*f - 142 = 0, 5*f - 546 = -5*j + j. What is the tens digit of j?
3
Let h = -9 + 39. Suppose 3*y + 2*y = h. What is the tens digit of (6/8)/(y/96)?
1
Suppose 0 = -4*f + 13 + 15. Suppose -68 = -f*t + 3*t. What is the units digit of t?
7
Let d = 195 + -135. What is the tens digit of d?
6
Let u = -49 + 29. Let i = u + 22. What is the units digit of i?
2
Let f = -17 + 15. What is the units digit of ((-2)/2)/(f/16)?
8
Suppose 0 = -v + 12 + 39. What is the units digit of v?
1
Let f(g) = 17*g + 2. Let t(q) = -8*q - 1. Let y(k) = -6*f(k) - 13*t(k). Let p be y(-3). What is the units digit of 144/15 + (-2)/p?
0
Let h be 21/(-2)*16/(-12). Let w = h - 10. Suppose -2*s + w*d - 3*d + 6 = 0, 4*s + 5*d = 26. What is the units digit of s?
4
Let z = 7 + -3. Suppose -z*d = -3*d - 12. What is the tens digit of d?
1
Suppose 0*t - 4*t - 8 = 0. Let a(c) = -3*c + c - 5 + 2 - c. What is the units digit of a(t)?
3
Suppose -2*t = -4*t + 6. Let m = t + -2. What is the units digit of m?
1
Let t(l) = l**2 + 3*l + 2. What is the units digit of t(-6)?
0
Suppose -3*c = 2*q - 5, 3*q - 5*c + 21 = -0*q. What is the units digit of (-2)/(2*q/40)?
0
Let n(g) = g**2 + 4. Suppose 6*j = 3*j - 12. What is the tens digit of n(j)?
2
Let d = -11 - -12. Suppose 0 = -2*w - 3*w + 45. Suppose 0 = 2*r - o - d, 4*o - 31 = -5*r - w. What is the units digit of r?
2
Let z(y) = y**3 + 6*y**2 + 3*y - 5. Let d be z(-5). What is the units digit of d/4 - 4/16?
1
Suppose 195 = m + 4*m. What is the tens digit of m?
3
Let d be 22/(-6) - 4/12. What is the units digit of (-1 + 19)*d/(-8)?
9
Let j = 46 + -8. What is the units digit of j?
8
Let b be (-1*2/2)/1. What is the units digit of (-2)/(0 + -1) + b?
1
Suppose -a - 219 = -4*a. What is the units digit of a?
3
Let m(h) = -3*h**2 + 12*h + 1. Let s(z) = 2*z**2 - 6*z - 1. Let a(j) = 3*m(j) + 5*s(j). What is the units digit of a(-7)?
5
Let c = -11 + 65. What is the tens digit of c?
5
Let w(k) = k**3 - 11*k**2 + 12*k - 9. What is the tens digit of w(10)?
1
Suppose 2*y = y - 5*v - 15, -2*y = -4*v + 2. Let t = -6 - -13. Let p = y + t. What is the units digit of p?
2
Let a(j) be the first derivative of j**4/4 + 10*j**3/3 + 3*j**2 - 3*j + 5. What is the units digit of a(-9)?
4
Let b be 4/((-36)/(-15) + -2). Suppose -4*s + b = -6. What is the units digit of s?
4
Let s(a) be the second derivative of -a**5/20 - a**4/3 - 2*a**3/3 + 2*a. What is the tens digit of s(-4)?
1
Suppose -5*l + 38 = -4*l. What is the units digit of l?
8
Suppose -2*v = -0*k - 4*k - 30, 46 = 4*v - k. What is the units digit of v?
1
Let k(l) = l + 7. Let z be 3/(-15) - 58/10. What is the units digit of k(z)?
1
What is the units digit of ((-9)/(-4))/(-3)*(0 - 24)?
8
Suppose -3*f - 5*b + 22 = 0, 0 = 2